{"id":98,"date":"2019-08-28T22:33:16","date_gmt":"2019-08-28T20:33:16","guid":{"rendered":"http:\/\/kodokan-dottignies.be\/?page_id=98"},"modified":"2025-06-01T11:55:24","modified_gmt":"2025-06-01T09:55:24","slug":"photos-et-videos","status":"publish","type":"page","link":"https:\/\/kodokan-dottignies.be\/index.php\/photos-et-videos\/","title":{"rendered":"Photos &#8211; Vid\u00e9os"},"content":{"rendered":"\n<h2 class=\"wp-block-heading\"><em>Vid\u00e9os :<\/em><\/h2>\n\n\n\n<p><a href=\"http:\/\/www.notele.be\/list70-les-reportages-de-notele-sur-l-entite-de-mouscron-media51566-13eme-salon-des-sports.html\" target=\"_blank\" rel=\"noreferrer noopener\"><strong><em>Reportage de Not\u00e9l\u00e9 au 13e Salon des Sports de Mouscron<\/em><\/strong><\/a><\/p>\n\n\n\n<p><a href=\"https:\/\/goo.gl\/photos\/iMb4sk7ELfwfvM1u7\" target=\"_blank\" rel=\"noreferrer noopener\"><strong><em>Acc\u00e8s aux vid\u00e9os&nbsp;du&nbsp;club<\/em><\/strong><\/a><\/p>\n\n\n\n<h2 class=\"wp-block-heading\"><em>Photos :<\/em><\/h2>\n\n\n\n<p><em><a href=\"https:\/\/photos.app.goo.gl\/LaqzGaWVt3ernu3A7\" target=\"_blank\" rel=\"noreferrer noopener nofollow\"><strong>Saint Nicolas 2024<\/strong><\/a><\/em><\/p>\n\n\n\n<p><a href=\"https:\/\/photos.app.goo.gl\/uQLfNqUYUtXv6M7y8\" target=\"_blank\" rel=\"noreferrer noopener nofollow\"><strong><em>Course de Brouettes 2025<\/em><\/strong><\/a><\/p>\n\n\n\n<p><a href=\"https:\/\/photos.app.goo.gl\/7ANmZ7FCRQpqwYUXA\" target=\"_blank\" rel=\"noreferrer noopener\"><em><strong>Soignies 12-13 mars 2022<\/strong><\/em><\/a><\/p>\n\n\n\n<p><em><a aria-label=\"Tournoi de judo \u00e0 Bas\u00e8cles 2019 (opens in a new tab)\" rel=\"noreferrer noopener\" href=\"https:\/\/photos.app.goo.gl\/Up28HS6jaovV1NGy6\" target=\"_blank\"><strong>Tournoi de judo \u00e0 Bas\u00e8cles 2019<\/strong><\/a><\/em><\/p>\n\n\n\n<p><a aria-label=\"24h Mouscron 2019 (opens in a new tab)\" href=\"https:\/\/photos.app.goo.gl\/jfYhGXY9tb81akgV9\" target=\"_blank\" rel=\"noreferrer noopener\"><strong><em>24h Mouscron 2019<\/em><\/strong><\/a><\/p>\n\n\n\n<p><a href=\"https:\/\/photos.app.goo.gl\/zYeMYyeKzpDvNgSa8\" target=\"_blank\" rel=\"noreferrer noopener\"><em><strong>Juin 2018<\/strong><\/em><\/a><\/p>\n\n\n\n<p><a href=\"https:\/\/photos.app.goo.gl\/mjPGgUZYDTLptjMS2\" target=\"_blank\" rel=\"noreferrer noopener\"><em><strong>Janvier 2018 Nivelles<\/strong><\/em><\/a><\/p>\n\n\n\n<p><a href=\"https:\/\/photos.app.goo.gl\/633TU3byheNqn4Ra2\" target=\"_blank\" rel=\"noreferrer noopener\"><em><strong>Janvier 2018<\/strong><\/em><\/a><\/p>\n\n\n\n<p><a href=\"https:\/\/photos.app.goo.gl\/zwC2xbthKvUe1CZj1\" target=\"_blank\" rel=\"noreferrer noopener\"><em><strong>Saint Nicolas 2017<\/strong><\/em><\/a><\/p>\n\n\n\n<p><a href=\"https:\/\/photos.app.goo.gl\/taIIPdDFrfA0J7fC3\" target=\"_blank\" rel=\"noreferrer noopener\"><em><strong>Octobre 2017 Bas\u00e8cles<\/strong><\/em><\/a><\/p>\n\n\n\n<p><a href=\"https:\/\/goo.gl\/photos\/d67MH4rD8Bm6iHub9\" target=\"_blank\" rel=\"noreferrer noopener\"><strong><em>Salon des Sports de Mouscron<\/em><\/strong><\/a><\/p>\n\n\n\n<p><a href=\"https:\/\/goo.gl\/photos\/er6ykbkL5sTYAsE47\" target=\"_blank\" rel=\"noreferrer noopener\"><strong><em>Championnats du Hainaut<\/em><\/strong><\/a><\/p>\n\n\n\n<p><a href=\"https:\/\/goo.gl\/photos\/pZB5ZRTehxcwvxF26\" target=\"_blank\" rel=\"noreferrer noopener\"><em><strong>Saint Nicolas 2016<\/strong><\/em><\/a><\/p>\n\n\n\n<p><a href=\"https:\/\/goo.gl\/photos\/PPTSPiPacu1xadUi7\" target=\"_blank\" rel=\"noreferrer noopener\"><em><strong>D\u00e9cembre 2016<\/strong><\/em><\/a><\/p>\n\n\n\n<p><a href=\"https:\/\/goo.gl\/photos\/56nfUtKczNnA4SX46\" target=\"_blank\" rel=\"noreferrer noopener\"><em><strong>Octobre&nbsp;2016<\/strong><\/em><\/a><\/p>\n\n\n\n<p><a href=\"https:\/\/goo.gl\/photos\/JsP1r55rQjneVE2A7\" target=\"_blank\" rel=\"noreferrer noopener\"><em><strong>Septembre 2016<\/strong><\/em><\/a><\/p>\n\n\n\n<p><a href=\"https:\/\/goo.gl\/photos\/1Dphw7sif57H9BJo8\" target=\"_blank\" rel=\"noreferrer noopener\"><em><strong>Judo Kodokan Dottignies<\/strong><\/em><\/a><\/p>\n\n\n\n<p><\/p>\n","protected":false},"excerpt":{"rendered":"<p>Vid\u00e9os : Reportage de Not\u00e9l\u00e9 au 13e Salon des Sports de Mouscron Acc\u00e8s aux vid\u00e9os&nbsp;du&nbsp;club Photos : Saint Nicolas 2024 Course de Brouettes 2025 Soignies 12-13 mars 2022 Tournoi de judo \u00e0 Bas\u00e8cles 2019 24h Mouscron 2019 Juin 2018 Janvier 2018 Nivelles Janvier 2018 Saint Nicolas 2017 Octobre 2017 Bas\u00e8cles Salon des Sports de Mouscron [&hellip;]<\/p>\n","protected":false},"author":1,"featured_media":0,"parent":0,"menu_order":0,"comment_status":"closed","ping_status":"closed","template":"","meta":{"footnotes":""},"class_list":["post-98","page","type-page","status-publish","hentry"],"_links":{"self":[{"href":"https:\/\/kodokan-dottignies.be\/index.php\/wp-json\/wp\/v2\/pages\/98","targetHints":{"allow":["GET"]}}],"collection":[{"href":"https:\/\/kodokan-dottignies.be\/index.php\/wp-json\/wp\/v2\/pages"}],"about":[{"href":"https:\/\/kodokan-dottignies.be\/index.php\/wp-json\/wp\/v2\/types\/page"}],"author":[{"embeddable":true,"href":"https:\/\/kodokan-dottignies.be\/index.php\/wp-json\/wp\/v2\/users\/1"}],"replies":[{"embeddable":true,"href":"https:\/\/kodokan-dottignies.be\/index.php\/wp-json\/wp\/v2\/comments?post=98"}],"version-history":[{"count":15,"href":"https:\/\/kodokan-dottignies.be\/index.php\/wp-json\/wp\/v2\/pages\/98\/revisions"}],"predecessor-version":[{"id":1336,"href":"https:\/\/kodokan-dottignies.be\/index.php\/wp-json\/wp\/v2\/pages\/98\/revisions\/1336"}],"wp:attachment":[{"href":"https:\/\/kodokan-dottignies.be\/index.php\/wp-json\/wp\/v2\/media?parent=98"}],"curies":[{"name":"wp","href":"https:\/\/api.w.org\/{rel}","templated":true}]}}